{"id":13,"date":"2021-03-25T19:34:55","date_gmt":"2021-03-25T19:34:55","guid":{"rendered":"https:\/\/szucsbike.hu\/?page_id=13"},"modified":"2025-02-19T08:13:52","modified_gmt":"2025-02-19T08:13:52","slug":"tanfolyamok","status":"publish","type":"page","link":"https:\/\/szucsbike.hu\/?page_id=13","title":{"rendered":"Tanfolyamok"},"content":{"rendered":"\n<h2 class=\"wp-block-heading\">Folyamatosan indul\u00f3 tanfolyamaink<\/h2>\n\n\n\n<p>Tanfolyamaink intenz\u00edv 8-10 f\u0151sek \u00e9s ig\u00e9ny szerint ind\u00edtjuk \u0151ket h\u00e9tk\u00f6znapokon \u00e9s h\u00e9tv\u00e9g\u00e9ken egyar\u00e1nt. Jogos\u00edtv\u00e1nnyal rendelkez\u0151, de vezetni nem mer\u0151 rutintalan j\u00e1rm\u0171vezet\u0151ket is felk\u00e9sz\u00edt\u00fcnk! C\u00e9lunk nem csak a vezet\u0151i enged\u00e9ly megszerz\u00e9se, hanem a megfelel\u0151 tud\u00e1s \u00e1tad\u00e1sa ahhoz, hogy a mai forgalom ritmus\u00e1ban \u00e9s bonyolults\u00e1g\u00e1ban is helyt tudjanak \u00e1llni a leend\u0151 j\u00e1rm\u0171vezet\u0151k.<\/p>\n\n\n\n<p>Sz\u00e1m\u00edt\u00f3g\u00e9pes gyakorl\u00e1si lehet\u0151s\u00e9g a h\u00e9t minden napj\u00e1n!<\/p>\n\n\n\n<p>Els\u0151seg\u00e9lyny\u00fajt\u00f3 tanfolyam elv\u00e9gz\u00e9s\u00e9re is van lehet\u0151s\u00e9g!<\/p>\n\n\n\n<figure class=\"wp-block-table\"><table><tbody><tr><td class=\"has-text-align-left\" data-align=\"left\"><strong>Kateg\u00f3ria<\/strong><\/td><td><strong>Felt\u00e9telek<\/strong><\/td><td><strong>Megjegyz\u00e9s<\/strong><\/td><\/tr><tr><td class=\"has-text-align-left\" data-align=\"left\">Aut\u00f3<\/td><td>&#8211; 17. \u00e9let\u00e9v bet\u00f6lt\u00e9se ut\u00e1n<br>&#8211; Szem\u00e9lyaut\u00f3ra 9 f\u0151ig<br>&#8211; Seg\u00e9dmotoros jogos\u00edtv\u00e1nnyal egy\u00fctt<br>&#8211; 3500 kg s\u00falyhat\u00e1rig<br>&#8211; Az \u00f6sszes quad motorker\u00e9kp\u00e1rra<\/td><td>\u00c1thelyez\u0151s tanul\u00f3 eset\u00e9ben 20.000 Ft kezel\u00e9si k\u00f6lts\u00e9get kell fizetni az aut\u00f3siskola fel\u00e9!<\/td><\/tr><tr><td class=\"has-text-align-left\" data-align=\"left\">Motor<\/td><td>&#8211; (AM) 14. \u00e9let\u00e9v bet\u00f6lt\u00e9se ut\u00e1n max. 50 cm<sup>3<\/sup>-ig<br>&#8211; (A1) 16. \u00e9let\u00e9v bet\u00f6lt\u00e9se ut\u00e1n 50 cm<sup>3 <\/sup>&#8211; 125 cm<sup>3<\/sup>-ig (max 11 kW)<br>&#8211; (A2) 18. \u00e9let\u00e9v bet\u00f6lt\u00e9se ut\u00e1n max 35 kW teljes\u00edtm\u00e9nyig<br>&#8211; (A) 24. \u00e9let\u00e9v bet\u00f6lt\u00e9se ut\u00e1n &#8211; Korl\u00e1tlan<br>&#8211; (B-A1) 75 cm<sup>3<\/sup> &#8211; 125 cm<sup>3<\/sup>-ig (max 11 kW)<\/td><td>\u00c1thelyez\u0151s tanul\u00f3 eset\u00e9ben 20.000 Ft kezel\u00e9si k\u00f6lts\u00e9get kell fizetni az aut\u00f3siskola fel\u00e9!<\/td><\/tr><tr><td class=\"has-text-align-left\" data-align=\"left\">Teherg\u00e9pj\u00e1rm\u0171<\/td><td>&#8211; (C) 20 \u00e9s 1\/2 \u00e9let\u00e9v bet\u00f6lt\u00e9se ut\u00e1n<br>Felt\u00e9tele: \u00e9rv\u00e9nyes &#8220;B&#8221; kateg\u00f3ri\u00e1s jogos\u00edtv\u00e1ny<br>&#8211; (C+E) 20 \u00e9s 1\/2 \u00e9let\u00e9v bet\u00f6lt\u00e9se ut\u00e1n<br>Felt\u00e9tele: \u00e9rv\u00e9nyes &#8220;B&#8221; \u00e9s &#8220;C&#8221; kateg\u00f3ri\u00e1s jogos\u00edtv\u00e1ny<\/td><td>\u00c1thelyez\u0151s tanul\u00f3 eset\u00e9ben 20.000 Ft kezel\u00e9si k\u00f6lts\u00e9get kell fizetni az aut\u00f3siskola fel\u00e9!<\/td><\/tr><tr><td class=\"has-text-align-left\" data-align=\"left\">Teherg\u00e9pj\u00e1rm\u0171 (C+E)<\/td><td>&#8211; (C+E) bet\u00f6lt\u00f6tt 21. \u00e9let\u00e9v<br>Felt\u00e9tele: \u00e9rv\u00e9nyes &#8220;B&#8221; \u00e9s &#8220;C&#8221; kateg\u00f3ri\u00e1s jogos\u00edtv\u00e1ny<br>&#8211; A teherg\u00e9pkocsi \u00e9s egy k\u00f6nny\u0171 p\u00f3tkocsib\u00f3l \u00e1ll\u00f3 j\u00e1rm\u0171szerelv\u00e9ny vezet\u00e9s\u00e9re jogos\u00edt<\/td><td>\u00c1thelyez\u0151s tanul\u00f3 eset\u00e9ben 20.000 Ft kezel\u00e9si k\u00f6lts\u00e9get kell fizetni az aut\u00f3siskola fel\u00e9!<\/td><\/tr><\/tbody><\/table><\/figure>\n","protected":false},"excerpt":{"rendered":"<p>Folyamatosan indul\u00f3 tanfolyamaink Tanfolyamaink intenz\u00edv 8-10 f\u0151sek \u00e9s ig\u00e9ny szerint ind\u00edtjuk \u0151ket h\u00e9tk\u00f6znapokon \u00e9s h\u00e9tv\u00e9g\u00e9ken egyar\u00e1nt. Jogos\u00edtv\u00e1nnyal rendelkez\u0151, de vezetni nem mer\u0151 rutintalan j\u00e1rm\u0171vezet\u0151ket is felk\u00e9sz\u00edt\u00fcnk! C\u00e9lunk nem csak a vezet\u0151i enged\u00e9ly megszerz\u00e9se, hanem a megfelel\u0151 tud\u00e1s \u00e1tad\u00e1sa ahhoz, hogy a mai forgalom ritmus\u00e1ban \u00e9s bonyolults\u00e1g\u00e1ban is helyt tudjanak \u00e1llni a leend\u0151 j\u00e1rm\u0171vezet\u0151k. Sz\u00e1m\u00edt\u00f3g\u00e9pes gyakorl\u00e1si&hellip;<\/p>\n","protected":false},"author":1,"featured_media":0,"parent":0,"menu_order":0,"comment_status":"closed","ping_status":"closed","template":"page-templates\/full-width-unconstrained-content.php","meta":{"footnotes":""},"class_list":["post-13","page","type-page","status-publish","hentry"],"_links":{"self":[{"href":"https:\/\/szucsbike.hu\/index.php?rest_route=\/wp\/v2\/pages\/13","targetHints":{"allow":["GET"]}}],"collection":[{"href":"https:\/\/szucsbike.hu\/index.php?rest_route=\/wp\/v2\/pages"}],"about":[{"href":"https:\/\/szucsbike.hu\/index.php?rest_route=\/wp\/v2\/types\/page"}],"author":[{"embeddable":true,"href":"https:\/\/szucsbike.hu\/index.php?rest_route=\/wp\/v2\/users\/1"}],"replies":[{"embeddable":true,"href":"https:\/\/szucsbike.hu\/index.php?rest_route=%2Fwp%2Fv2%2Fcomments&post=13"}],"version-history":[{"count":4,"href":"https:\/\/szucsbike.hu\/index.php?rest_route=\/wp\/v2\/pages\/13\/revisions"}],"predecessor-version":[{"id":269,"href":"https:\/\/szucsbike.hu\/index.php?rest_route=\/wp\/v2\/pages\/13\/revisions\/269"}],"wp:attachment":[{"href":"https:\/\/szucsbike.hu\/index.php?rest_route=%2Fwp%2Fv2%2Fmedia&parent=13"}],"curies":[{"name":"wp","href":"https:\/\/api.w.org\/{rel}","templated":true}]}}